git of k?
5
Suppose 40*d - 47*d = -819. Suppose d = -4*k + 8*k + w, -2*k - 2*w + 60 = 0. What is the tens digit of k?
2
Suppose 5*t = -12*t + 2210. What is the units digit of t?
0
Let b = -2058 - -2993. What is the units digit of b?
5
Let z be 2/11 - 104508/(-198). Suppose 16*c - 12*c - z = 0. What is the tens digit of c?
3
Let p be -2 + -2 + -2 + 7. Suppose -p = -y + 4. Suppose y*f - 3*f - 98 = 0. What is the tens digit of f?
4
Suppose 3*a + a + 430 = -2*z, -2*z - 103 = a. Let r = a - -200. What is the units digit of r?
1
Let m(l) = -259*l**2 - 6*l + 3. Let x(k) = -129*k**2 - 3*k + 1. Let j(i) = 2*m(i) - 5*x(i). What is the units digit of j(-1)?
5
What is the tens digit of 24/(-6) + 11016/6?
3
Suppose 2*b - 16297 = -5*f, 27*b - 30*b - 6534 = -2*f. What is the tens digit of f?
6
Let t = 126 - 319. Let h = t - -327. What is the tens digit of h?
3
What is the tens digit of 425 - (6 + 0 + -10)?
2
Let f(g) = 2*g - 1. Let s(z) = -z + 7. Let x be s(6). Let l be f(x). Let o(n) = 22*n**2. What is the units digit of o(l)?
2
Let q(y) = -y**3 - 13*y**2 + 39*y + 21. What is the units digit of q(-16)?
5
Let d(a) = 8*a**2 - a + 96. What is the tens digit of d(14)?
5
Suppose 5*x = -2*l + 26, 4*l - 5*x - 60 = 52. Suppose -2*p + l + 23 = 0. What is the units digit of p?
3
Suppose 10*d = 3*d + 1323. Suppose 0 = 4*r - d - 11. What is the tens digit of r?
5
Let b(s) be the third derivative of -s**6/120 - s**5/10 + s**4/4 + s**3/6 + 6*s**2. Let d be b(-8). Suppose 0 = -5*p + d - 6. What is the units digit of p?
5
Let v = 521 + 644. What is the thousands digit of v?
1
Suppose 5*q + 2115 = w + 306, -3 = -3*q. What is the units digit of w?
4
Suppose 0 = 10*z - 8*z + 14. Let i = 59 + z. What is the units digit of i?
2
Let k be (-1)/2 - 6/(-4). Let v = 0 + k. What is the units digit of 9 + v + (-1 - 0)?
9
Suppose -2*s - 3*c = 178, 148 = -3*s - c - 126. Let o be s*6/(-3) - 1. Suppose o = -7*d + 10*d. What is the units digit of d?
1
Let z(y) = -88*y - 30. What is the tens digit of z(-4)?
2
Suppose -3*f = 60 - 747. Let w = -132 + f. What is the units digit of w?
7
Suppose -1363 + 253 = -3*g. Let j be g/5 + (1 - 0). Suppose -j = -3*n - 2*n. What is the tens digit of n?
1
Let c(b) be the second derivative of 13*b**3/6 + 2*b**2 - 21*b. What is the hundreds digit of c(13)?
1
Let f = -54 + 54. Suppose -5*p + 3*n + 916 = n, f = 3*p + 2*n - 556. What is the hundreds digit of p?
1
Suppose -x = -4*x + 18. Suppose 7*t + 32 = x*t. Let h = -20 - t. What is the units digit of h?
2
Let u be 2 + 8/(6/3). Let b = 6 - u. Suppose b = -h - 3*h + 144. What is the units digit of h?
6
Let p be -3 + 3 + 8/4. Let c = p + 2. Suppose 0*a + 2*a - 3*r = 47, 3*a - c*r - 70 = 0. What is the units digit of a?
2
What is the tens digit of -3*8/24*-153?
5
Let n(d) = 7*d**2 - 10*d - 34. Let l(g) = -15*g**2 + 19*g + 67. Let h(k) = -6*l(k) - 13*n(k). What is the units digit of h(17)?
3
Suppose -4*d - 9 = -2*b - 1, -2*b + 5 = -d. Suppose -4*c + 6*c - 18 = -5*a, 2*a = b*c - 4. What is the units digit of c?
4
Let i(c) = c**2 - 11*c - 7. Let z be i(10). Let g = 13 + z. Let v = 13 + g. What is the units digit of v?
9
Let d = 17 + -11. Suppose -d*l + 5*l + 28 = 0. Suppose 3*b + l + 79 = 5*u, 4*u + 4*b = 92. What is the tens digit of u?
2
Let x be 927/63 + 2/7. Suppose 3*u = 4*q + x, 4*q - 20 = 5*q - 4*u. Suppose q*a - 30 = -3*a. What is the units digit of a?
0
Let r be 2/(-1)*774/36. Let q = 15 + r. Let v = -16 - q. What is the units digit of v?
2
Let a(i) = -i**3 + 3*i**2 - 2*i + 2. Let r be a(2). Suppose -f - 3*f = 2*m - 66, -r*f = 4*m - 30. What is the tens digit of f?
1
Let j = -13 - -13. Let w = j + 9. What is the units digit of w?
9
Let n(b) = -4*b + 0*b - 3 - 2*b - b**2. Let h be n(-4). What is the units digit of (17 - h)*(5 - 2)?
6
Let t = 1091 - 665. What is the hundreds digit of t?
4
Let l(g) = 9*g**3 - g**2 - 4*g + 5. What is the hundreds digit of l(3)?
2
Suppose 8*x - 6294 = 2*x. What is the tens digit of x?
4
Let y(f) = f**2 - 2*f + 1. Let g be y(-4). Let m(j) = 2*j**2 - 4*j - 5. Let n be m(0). Let t = g + n. What is the units digit of t?
0
Suppose -4*l = 6*f - 7*f - 3233, -812 = -l + f. What is the hundreds digit of l?
8
Suppose 3*y + 168*u - 11748 = 165*u, 0 = 4*y - u - 15674. What is the thousands digit of y?
3
Suppose 0 = 15*f - 14*f + 4*m - 195, 0 = -f + m + 210. What is the hundreds digit of f?
2
Let g(q) be the second derivative of -q**4/12 + 13*q**3/3 + 23*q**2/2 - 26*q. What is the tens digit of g(13)?
9
Suppose -2*k - k - 419 = -5*y, 2*y - 173 = 3*k. Suppose 4*x - y = -r + 5*x, -2*r + 176 = x. What is the units digit of r?
6
Suppose -80 = -4*q + 28. What is the units digit of (q/2)/((-3)/(-6))?
7
Let s(u) = -5*u**2 - u + 1. Let h = 9 + -8. Let w be s(h). Let p = w - -8. What is the units digit of p?
3
Suppose -9 = -2*r - 65. Let s = 30 + r. What is the units digit of s?
2
Let d be (3*1/3)/((-1)/(-24)). What is the tens digit of (-182)/(-8) + 6/d?
2
Let d be 17/7 + (-3)/7. Let q(h) = -10 + 3*h**2 - 2*h**d + 4 + 7*h. What is the tens digit of q(-9)?
1
Let m(r) = -r**3 - 14*r**2 + 16*r + 17. Let z be m(-15). Let p be (z + 60)/(-7 - -9). Suppose 4*q - 57 = p. What is the units digit of q?
2
Let d(y) be the second derivative of -3*y**5/10 - y**4/4 - y**3/6 + y**2/2 + 2*y. Let v be 2/(-4) + (-36)/24. What is the units digit of d(v)?
9
Suppose 0 = -6*b + 18458 - 3920. What is the thousands digit of b?
2
Let m be (0 - 1)/((-1)/(-12)). Let h be 519/6 + 6/m. Let a = h + -55. What is the tens digit of a?
3
Let s(o) = 2*o**3 - 2*o**2 + 1. Suppose -a + 36 = 2*a. Suppose a = -c + 5*c. What is the tens digit of s(c)?
3
Let w = -103 + 284. What is the tens digit of w?
8
Let f = 2202 + -1293. What is the units digit of f?
9
What is the tens digit of ((-5)/(-15))/(4/3804)?
1
Suppose 11*u - 4*u + 203 = 0. Let c = -7 - u. What is the units digit of c?
2
Let d = -35 + 42. Suppose 0 = d*c - 4*c - 105. Let n = 3 + c. What is the units digit of n?
8
Let t = 45 + -49. What is the tens digit of 23 - (28/t - -4)?
2
Let u(d) be the second derivative of d**4/6 + 5*d**3/6 - 2*d**2 - 3*d. Let s = 68 + -64. What is the tens digit of u(s)?
4
Let h = -86 + 90. Suppose 4*m + h*x = 416, 0 = 5*x - x + 4. What is the units digit of m?
5
Suppose -52*r + 58*r = 3612. What is the hundreds digit of r?
6
Suppose -4*z + 30*n + 2496 = 26*n, z + 5*n = 630. What is the units digit of z?
5
Let n(x) = -72*x + 26. What is the tens digit of n(-8)?
0
Let p = 800 + -252. What is the units digit of p?
8
Let o(q) = 29*q. Let j be o(4). Suppose -4*z + 5*m + j - 15 = 0, 5*m = -z + 44. What is the tens digit of (1 - z)/(-3 + 1)?
1
Let l(y) be the first derivative of -y**2/2 + 31*y - 7. Let m = 47 - 47. What is the units digit of l(m)?
1
Let r(n) = -n**2 + 12*n + 9. Let t be -3 + 4/4 - -14. Let i be r(t). Suppose -5*s - y + i = 1, 0 = 3*y - 9. What is the units digit of s?
1
Suppose 41*h + 29*h = 364980. What is the hundreds digit of h?
2
Let i(t) = -t**3 - t**2 - 25*t + 30. What is the tens digit of i(-12)?
1
Let d(v) = -5*v + 68. Let q be d(12). Suppose -q*o + 434 + 78 = 0. What is the tens digit of o?
6
Suppose -5*x + 10*x = 0. Suppose -39 = -x*a - 3*a. Suppose 4*m - a = -g + m, 36 = 2*g + m. What is the units digit of g?
9
Let l(h) = h**2 - 7. Let x be l(-6). Let k be (7 + -3)/(4/(-10)). Let u = x - k. What is the units digit of u?
9
Suppose -5*i - 2336 - 1568 = -2*f, f - 1982 = -5*i. What is the hundreds digit of f?
9
Let f(r) = 38*r**3 - r**2 - r + 1. Let v be f(2). Suppose s + m = 251, 2*s - 804 = m - v. Suppose 0 = -5*i - i + s. What is the tens digit of i?
4
Let n(q) = -q**3 + 4*q**2 - q + 1076. What is the hundreds digit of n(0)?
0
Suppose -5*u - g + 1938 = 0, 8*u - 13*u - 4*g = -1932. What is the units digit of u?
8
Let v = -46 + 50. Suppose 1167 + 225 = v*f. What is the hundreds digit of f?
3
What is the thousands digit of 5684/203*285/4?
1
Suppose b + 26 = -20. Let j be -2 - (3 - 4)*b. What is the units digit of j/1*(-3)/6?
4
Let j = 1644 + 910. What is the thousands digit of j?
2
Let r(y) = y**3 - 15*y**2 + 16*y - 17. Let c be r(14). Let w = 26 + c. Suppose 2*v - 9 = 5*d + w, -d - 69 = -5*v. What is the units digit of v?
3
Let s(o) = -215*o - 8. Let a be s(-3). Suppose 3*m + a = 10*m. What is the tens digit of m?
9
Let p(m) = m**2